**2 + 13*g + 43. What are the prime factors of j(-5)?
3
Let d(w) = w**2 - 6*w + 9. What are the prime factors of d(7)?
2
Let x = -6 - -10. Suppose 0 = -4*i - 4*z + 44, 5 = 5*i + 2*z - 44. What are the prime factors of x + 3/(i/6)?
2, 3
Let l be 2/7 - 111/21. Suppose 2*t = 4*t - a + 41, 5*a = -4*t - 47. Let n = l - t. What are the prime factors of n?
13
Let l(o) = o**2 + o + 17. Let h(d) = 9*d**2 - d**3 - 6 + 0*d**2 - 2*d**2 - 5*d. Let v be h(6). What are the prime factors of l(v)?
17
Let j = 141 + -95. List the prime factors of j.
2, 23
What are the prime factors of 19 + (0 - -4)/4?
2, 5
Let f(h) = h**2 + 1. Let k be f(1). Let o be 3 - -3*1/(-3). Suppose 40 = k*l + o*l. List the prime factors of l.
2, 5
Let k = -4 - -4. Suppose -4 = w, k*h + 3*w = h - 16. Suppose -j + 15 = h. What are the prime factors of j?
11
Let t be 5/(-20) + 21/4. Let i = 5 - t. Suppose 2*q = -i*q + 20. What are the prime factors of q?
2, 5
List the prime factors of -7*(12/8*10)/(-1).
3, 5, 7
Let x be 6/5*(-10)/(-4). Suppose 2*j = j - x. List the prime factors of 20/j*-3 - 0.
2, 5
Suppose z + 11 = 5*x, -5*x - 4*z = -3*x. Suppose -x*i + 24 - 10 = 0. Suppose -4*s = -i*u + 3*u + 4, 2*u = 8. What are the prime factors of s?
3
What are the prime factors of (1*696)/3 - (-5)/(-5)?
3, 7, 11
Let o = 177 - 123. List the prime factors of o.
2, 3
Let j(z) = 3*z**2 + 0*z**2 - 3 - z**2 + 4*z. List the prime factors of j(-4).
13
Suppose -4*n = n. Suppose n = k - t - 1, -t + 2 - 7 = k. Let o(g) = -2*g - 2. List the prime factors of o(k).
2
Let y(g) = 3*g**2 + 3*g + 3. Let i be y(-2). Let b be -9*3/((-18)/40). Suppose -i*w + 14*w = b. What are the prime factors of w?
2, 3
Suppose -10 = 5*h + 5*o, -3*h + h - 8 = 3*o. Let b = 2 + h. Suppose 14 = -b*q + 54. List the prime factors of q.
2, 5
Suppose -9*d = -7*d + 40. Suppose 21 = -o - 2*o. Let m = o - d. What are the prime factors of m?
13
Let g(s) = -s + 4*s**2 - 3*s**2 - 4 + 0*s. Let q be g(3). Let n = q - -2. List the prime factors of n.
2
Let d be (-6)/(-15) - (-4)/(-10). Suppose -8 = m - d*m. Let o(n) = -3*n - 11. What are the prime factors of o(m)?
13
Suppose -u + 192 = 3*u. Let n be -1 - (u/2)/1. Let c = -14 - n. List the prime factors of c.
11
Let b = 12 + -7. Suppose -34 = b*p - 219. List the prime factors of p.
37
Suppose 0 = x - 4*x - 2*a + 10, 3*a = 3*x - 15. Suppose -3*n + 6 = v, 0*v = -3*v + x*n + 31. What are the prime factors of v?
3
Let t(p) = -p**3 - 6*p**2 - 3*p + 1. Let a be t(-5). Let w = 25 + a. What are the prime factors of w?
2
Let o = 13 - 10. Suppose -4 - 1 = 5*z, 0 = -s + o*z + 19. List the prime factors of s.
2
Let k(w) = 4*w + 3. Let g(p) = -17*p - 12. Let s(t) = -2*g(t) - 9*k(t). Let b be s(-2). Suppose -b + 19 = 2*v. What are the prime factors of v?
3
Let l be -1*(-1 + (1 - 1)). Let b be (3/(-6))/(l/(-8)). Suppose a - 8 = b. List the prime factors of a.
2, 3
List the prime factors of 0 + 93 + -1 + -1.
7, 13
Let o be ((-15)/6 + 0)*-2. Suppose 4*j + o = 25. Suppose 2*l + 9 = j*l. List the prime factors of l.
3
Suppose -25 + 7 = -3*h. Let m(j) = j**2 - 2*j - 5. What are the prime factors of m(h)?
19
Let v(d) = 2*d - 2. Let j = -4 - -8. Let p(g) = g - 2. Let f(z) = j*p(z) - 3*v(z). What are the prime factors of f(-3)?
2
Let j(q) = q**3 - 6*q**2 + 7*q - 4. Let f be j(5). Suppose 3*c = 3*u - f, -2*u + c = 5*c - 10. List the prime factors of u + 9/(-3) + 8.
2
Let f(u) = -u - 8. Let k be f(6). Let r = -2 - k. What are the prime factors of r?
2, 3
Suppose -5*t - 58 = -163. What are the prime factors of t?
3, 7
Suppose -2*z + 10 = -4*z. What are the prime factors of (-63)/z - (-4)/10?
13
Let m(u) = u**2 - 10*u + 12. Let i be m(8). Let a = i + 6. What are the prime factors of a?
2
Suppose -5*c - 3 = 2. Let b be (3 - 2 - c) + -29. Let f = -17 - b. What are the prime factors of f?
2, 5
Let m(p) = -p**2 + 6*p + 9. Let w be m(8). What are the prime factors of ((3 - w) + -3)*1?
7
Suppose 0*m - 2*m - h = -10, -3*m + 25 = 4*h. Suppose 0 = m*j - 5 - 1. Suppose j*b + b - 6 = 0. List the prime factors of b.
2
Let q(v) = -4 - 5 + 5 + 2 - 5*v. Let l be q(2). What are the prime factors of (-1 + 15)*(-6)/l?
7
Let u = -10 + 4. Let d = u - -11. What are the prime factors of d?
5
Let m(f) = -f**2 + 7*f + 10. Let q be 3/2*(-8)/(-6). Suppose 35 = 3*l + q*l. List the prime factors of m(l).
2, 5
Let p(r) = r**2 + 7. What are the prime factors of p(-5)?
2
Suppose 166 = -4*d + 394. What are the prime factors of d?
3, 19
Suppose 3*w - w = 10. Suppose -2*p + w*d + 17 = 2*d, 5*p + 3*d = 32. What are the prime factors of p?
7
Let q(a) = -5*a + 2. Let m(h) = -3*h + 1. Let x(r) = 8*m(r) - 5*q(r). What are the prime factors of x(8)?
2, 3
Let d = 3 - -16. List the prime factors of d.
19
Suppose 2 = 5*b - 2*l, b - 22 = 4*l - 9*l. Suppose b*y + 0 = 6. Suppose 3*j - 8 = f - 2, y*j + 6 = 5*f. List the prime factors of f.
3
Let y = 19 - -23. What are the prime factors of y?
2, 3, 7
Let p(x) = -x**2 - 5*x - 4. Let w be p(-4). Suppose -5*h + 0*h = w. Suppose -m + 6 = -3*f, -1 = -f - h. What are the prime factors of m?
3
Suppose l + 24 = 2*l. Let f = -15 + l. What are the prime factors of f?
3
Suppose -4*x + 6 = -18. Let g = x + -3. What are the prime factors of g?
3
Let j be (0 - -1)/(2/(-6)). Let t be (0 - -7)/(j/(-6)). Let b = t + 5. What are the prime factors of b?
19
Suppose 2*o - 4 = 8. Suppose -2*g + o = -8. What are the prime factors of g?
7
Suppose 0*n = 3*n - 96. What are the prime factors of n?
2
Let p(v) = -v - 2. Let q be p(-7). Let k(r) = 2*r + 3*r - 3*r + q*r**2 + 1. What are the prime factors of k(-1)?
2
Let b(w) be the first derivative of w**2 - 7*w + 1. List the prime factors of b(7).
7
Suppose -k + 0*k + 17 = p, 79 = 5*k + 2*p. Suppose 2*n - k = n. List the prime factors of n.
3, 5
Let f(m) = -m + 1 + 3*m - m. Let k be f(5). Suppose -4*o + k = -o, -18 = -2*b - o. List the prime factors of b.
2
Let p = 1092 - 771. What are the prime factors of p?
3, 107
Suppose -2*n + 22 = -22. Let h = n - 13. List the prime factors of h.
3
Let a(n) = 2*n**2 + 22*n + 34. What are the prime factors of a(-14)?
2, 59
Let h = 12 - 7. Suppose -3 = -t + h. List the prime factors of t.
2
Let f(m) = m**3 + 8*m**2 - 4. Let y be f(-5). Let a = -36 + y. Let w = -16 + a. What are the prime factors of w?
19
Let m(z) = 3*z - 4. Let c be m(3). Let d(p) = p**3 - 3*p**2 - 6*p - 2. List the prime factors of d(c).
2, 3
Suppose -k - 3*k + 4*f = -24, -k + 3*f = 4. Suppose k = v + 2. List the prime factors of v.
3
Let y(w) = -w**3 + 3*w**2 - w - 2. Let z be (-76)/(-18) + 8/(-36). Let u be y(z). Let g = u - -31. List the prime factors of g.
3
Suppose -4*g + 7*g - 123 = 0. Suppose 5*f = 4*m - 12 - g, 0 = 4*f + 20. List the prime factors of m.
7
Let w(o) = -43*o + 4. What are the prime factors of w(-3)?
7, 19
Let q = -5 - -6. List the prime factors of (3 - 2)/(q/46).
2, 23
Let y(i) = -i**2 + i + 5. Let p be y(4). Let h be p/14 + 1/2. What are the prime factors of (3 + -4)*(-17 + h)?
17
Let p = -6 - -6. Let a = p - -3. What are the prime factors of 1/2*66/a?
11
Suppose -c + 275 = 2*z + z, 5*z + c = 459. Suppose -n + 3 = 4, -3*i + 2*n = -z. What are the prime factors of i?
2, 3, 5
Let f be (-12)/18 + (-124)/(-6). Let b = f - 12. What are the prime factors of b?
2
What are the prime factors of -3 + 2 + -4 + 33?
2, 7
Let y = -148 + 290. What are the prime factors of y?
2, 71
Let o be -3*(-2 - -3)*-1. Suppose -2*r = -o*u - 29, -u + 5 = -r + 22. Suppose -3*z = -12 - 0, -c - 5*z + r = 0. List the prime factors of c.
2
Suppose -3*y - 6 = -6*y. Suppose p - 21 = -3*u + y*p, u - 3*p + 1 = 0. List the prime factors of u.
2
Let u(y) = y. Let f be u(7). Let a(p) be the third derivative of -p**6/120 + p**5/10 + 3*p**4/8 - 7*p**3/6 - 3*p**2. List the prime factors of a(f).
7
Let a be (-3)/((-3)/(-6) - -1). Let i be (6/9)/(a/(-30)). Suppose 5*u + 0*u = i. What are the prime factors of u?
2
Let o(r) = -r**3 - 6*r**2 - 10*r - 8. What are the prime factors of o(-6)?
2, 13
Suppose -4*p - 142 = -t - 2*t, -42 = -t - 4*p. List the prime factors of t.
2, 23
Suppose 0 = 4*s - 2*h - 136, -3*s + 13 = -5*h - 82. What are the prime factors of s?
5, 7
Let j = 1 - -2. Suppose -191 = -4*l + j*u, -4*u - 3 = 1. List the prime factors of 4/(-18) - l/(-9).
5
Suppose -19 = -3*i - 2*f, -5*i + 27 = -f + 2*f. Suppose -i